27 = -5*g, -g - g + v = 4*u. What is the tens digit of g?
2
Suppose -3*x + 6 = -0*x. Suppose -7 = a - x. What is the tens digit of (0 + a)/((-7)/49)?
3
What is the tens digit of 2*((-4)/16)/(3/(-2004))?
3
Let w(c) = -c**3 + 5*c**2 + 2. Let l be w(5). Suppose x - 3*m = 133 + 54, l*x - 389 = m. What is the units digit of x?
6
Let w be (12/9)/(16/360). Let l be w/40 - 445/(-4). Suppose 0 = 2*q + 38 - l. What is the units digit of q?
7
Suppose -7*z + z = 420. Let g be (0 - 10)*(-48)/(-10). Let k = g - z. What is the tens digit of k?
2
Let j(b) = 219*b**2 - 3. What is the tens digit of j(2)?
7
Suppose -5*r = -4*w - 6021, -12*r + 4816 = -8*r - 3*w. What is the thousands digit of r?
1
Let u = 59 - 35. Let j = -9 + u. Let z = 61 - j. What is the units digit of z?
6
Let a = 271 + -132. Suppose -5*h = -a - 121. What is the tens digit of h?
5
Let k(g) be the first derivative of -g**3/3 + 3*g**2 - 3*g - 4. Let w be k(5). What is the units digit of 12/8 - (-29)/w?
6
Suppose 4*p - 181 = -p - 3*r, r + 3 = 0. Let i = p + 61. What is the units digit of i?
9
Suppose -8*l + 11*l - 12932 = 2*a, -4*a + 8 = 0. What is the tens digit of l?
1
Suppose 3*o = -4*o + 1078. What is the tens digit of o?
5
Suppose -8*p + 10*p - 40 = 0. Let d be (-11)/4 - (-15)/p. What is the units digit of (13/d)/(8/(-16))?
3
Let k = -16 - -20. Suppose -76 = k*f - 8. What is the units digit of (-117)/f + 12/102?
7
What is the units digit of (-524)/10*40/32*-2?
1
Suppose 4*y + 5*z = 4*z, -3*y - 17 = 5*z. Let o = 8 - y. Suppose -o*g + 65 = -2*g. What is the units digit of g?
3
Let a(p) = 3*p + 14. Let k(g) = 2*g**2 + g + 4. Let w be k(2). What is the tens digit of a(w)?
5
Suppose 4*d = -5*j + 8*d + 541, -4*j + 5*d = -431. Let b(v) = -8*v**2 - 1. Let y be b(-3). Let p = j + y. What is the units digit of p?
6
Suppose 19*p - 17*p = 604. What is the units digit of 8/28 - p/(-7)*5?
6
What is the units digit of 17*2 + ((-225)/9)/(-5)?
9
Suppose -1323 = -28*z + 861. What is the units digit of z?
8
What is the units digit of (-16 - -26) + (3461 - -3)?
4
What is the units digit of (90/35)/((-3)/(-574))?
2
Let x(g) = 7*g - 3. Let s(b) = b**3 - 5*b**2 + 6*b - 7. Let n be s(4). Let o be x(n). Suppose -14 = -3*r + o. What is the units digit of r?
6
Let n = -2 + 4. Suppose 16 = y + m, 2*y - n*m + 18 = 3*y. What is the tens digit of y/(-91) + 680/26?
2
Suppose 3*a + 2*o - 234 = 5*a, 4*a + 3*o = -489. Let q = a - -156. What is the tens digit of q?
3
Suppose -69 - 13 = -2*p. Suppose 0 = -4*u + 3*d - 128, 2*d = 5*u - 0*d + 153. Let k = u + p. What is the units digit of k?
2
Let g = 43 + -37. What is the tens digit of (420/(-80))/(g/(-32))?
2
Let r = 32 - 90. Let z = 17 - r. What is the units digit of z?
5
Suppose j - 6*l = -9*l - 22, -3*l + 58 = -4*j. Let t(u) = -16*u - 70. What is the units digit of t(j)?
6
Let b(w) = 2*w**2 + 2*w + 2. Suppose -4*k + 0*k - 312 = 0. Let c be 2/12 + 325/k. What is the units digit of b(c)?
6
Let q(j) = 19*j**3 + 2*j**2 - 11*j + 11. What is the units digit of q(4)?
5
What is the thousands digit of 4874*((-52)/(-8))/13?
2
Let w(q) = -23*q**3 + 8*q**2 + 5*q + 6. What is the tens digit of w(-3)?
8
Suppose -3*t + 1556 = 5*j, -7*t - 1554 = -10*t - 3*j. Suppose -3*g + 296 = -t. What is the hundreds digit of g?
2
Let f be (-66)/8 - (-36)/(-48). What is the tens digit of -21*(39/f - 2)?
3
Let y(n) = 3*n**2 - 75*n - 11. What is the tens digit of y(-16)?
5
Let t = -36 - -116. Let v = t + -19. What is the tens digit of v?
6
Let h(v) = v**2 - 4*v - 18. Let o be h(7). Suppose -5*s = 4*r - o + 2, 0 = 5*s + 5*r. What is the units digit of s?
1
Let b be 2*(314/4 + 4). Let c = 461 - b. Suppose 5*x = -5*d + 3*x + c, 306 = 5*d - 3*x. What is the units digit of d?
0
Let f(m) = 7*m**2 + 262*m + 66. What is the thousands digit of f(-44)?
2
Suppose -5*z + 3*z - 1468 = -5*u, z = -u + 295. What is the units digit of u?
4
Let m(p) = -p**2 + 5*p + 2. Let t be m(5). Let x(o) = o**2 - 2*o + 2. Let g be x(t). Suppose 0 = -i - g*i + 9. What is the units digit of i?
3
Let b = 13 + -8. Suppose -b*j - 3 + 18 = 0. What is the tens digit of j + (65 - (5 + -3))?
6
What is the hundreds digit of (-22494)/(-5) + -6 + 234/45?
4
What is the hundreds digit of 9/18*(-2544)/(-3)?
4
Let k(f) = -15*f + 42. Let d(n) = -10*n + 28. Let x(z) = -8*d(z) + 5*k(z). What is the units digit of x(12)?
6
Let f(g) = g**3 + 5*g**2 + 12. Let k = 9 - 14. Let o be f(k). Suppose -o = 3*x, 39 = 3*a - 2*a - x. What is the units digit of a?
5
Let r be 0/(-4 - (-3 - -1)). Suppose -w + r*w = -3. What is the tens digit of 3 + 0/w + 30?
3
Let s(w) = 99*w - 16. What is the hundreds digit of s(3)?
2
Let j be (-41)/(-13) - 8/52. Suppose -2*l = 2*k - 4, 5*l - 7 = -4*k + 6. Suppose j*i = -5*m + 23 + 94, l*m - 185 = -5*i. What is the units digit of i?
4
Let z(g) = g**3 + 4*g**2 + 4*g + 2. Let c be z(-2). Suppose -c*o + 5*s + 119 = 0, -4*s - 165 = -5*o + 175. What is the tens digit of o?
7
What is the tens digit of (-735564)/(-276) - 4/46?
6
Suppose f + 2 = 5*u - 0*f, -u + 2*f - 5 = 0. Let c be (1/u)/((-11)/231). What is the units digit of (-510)/c + 6/(-21)?
4
Let i(t) = -t**2 + 22*t - 15. Let v(f) = f**3 + 8*f**2 + 6*f + 8. Let m be v(-7). Suppose -p = -m - 4. What is the tens digit of i(p)?
4
Suppose -4*t + m + 20 = 0, -4*t + 5*m = -3*t + 14. Let f = t + 8. Suppose -f = -8*n + 3*n + 3*h, -3*n + 3*h = -12. What is the units digit of n?
1
Let q(g) = g**3 - 6*g**2 + 5*g - 10. Let s be q(4). What is the units digit of (-10550)/(-55) + -1 - 4/s?
1
Suppose 0 = -17*t - 11*t + 16576. What is the tens digit of t?
9
Let s = -50 - -48. Let y(f) = -3*f**3 - 4*f**2 - f + 2. What is the tens digit of y(s)?
1
Let q be ((-69)/3 + -2)/(-1). Let b be (-15)/q - 216/(-10). Let l = -2 + b. What is the units digit of l?
9
Let c(p) = 5*p**3 - p**2 - 6*p + 8. Let f = -69 + 72. What is the tens digit of c(f)?
1
Let b(y) = y + 29. Let g be b(-10). Suppose g*j - 2388 = 7*j. What is the hundreds digit of j?
1
What is the hundreds digit of (-8)/(-52) - (2 + (-239392)/104)?
3
Suppose 3*z - 3969 = -a, -37*z + 4*a = -39*z + 2646. What is the hundreds digit of z?
3
Let o be (2/4)/((-4)/176). Let b = o - -30. Let y = b + 4. What is the tens digit of y?
1
Let u(f) = -f**3 - 30*f**2 - 2*f - 67. What is the tens digit of u(-33)?
6
What is the hundreds digit of (7 - 35)/(-4) - -1102?
1
Let p = 332 + -47. Suppose -3*h = -2*a - 3*a - p, -4*a + 78 = h. What is the tens digit of h?
9
Let d be -2 - -2 - (0 - 2). Suppose 0 = -x - 2*x + 5*v + 284, -d*x - v = -211. What is the hundreds digit of x?
1
Let v be 195/(-10)*2/1. Let j = v + 96. What is the units digit of j?
7
Suppose 4*l + 123880 = 42*l. What is the units digit of l?
0
Suppose -q + 252 = 2*v - 3*q, -q + 358 = 3*v. What is the tens digit of v?
2
Suppose 5*h - z = 9, 4*z + 15 = -h - 0. Let c = 269 - 271. What is the units digit of 19 + -9 + c + h?
9
Let p(l) = 35*l**3 - l**2 + l + 1. Let h be p(-1). Let y be ((-2)/(-6))/((-2)/h). Let x = 9 - y. What is the units digit of x?
3
Let q = -5254 + 7670. What is the units digit of 1/(-2) - q/(-32)?
5
Let i = -75 - -43. Let t be (-1)/(2 + 60/i). What is the units digit of (-2)/(-3) + t/(-6)?
2
Suppose -2*r = -r - 5. Suppose -h = -3*l - 121, -r*h + 388 = -2*h - 4*l. What is the units digit of h?
6
Suppose u = f - 0*u + 2, -3*f - 5*u = -34. Suppose f*w + 3*r + r = 42, w - 4*r = 30. What is the units digit of w?
8
Let b = 93 - 3. What is the tens digit of b?
9
Let m(l) = -l**2 - 13*l - 18. Let n be m(-11). Suppose 5*s = -2*w - w + 101, -131 = -n*w - 3*s. What is the tens digit of w?
3
Let n(t) = t**3 + 15*t**2 - 6*t + 1. What is the units digit of n(10)?
1
Suppose -59064 = 32*d - 44*d. What is the hundreds digit of d?
9
Let p = -2 - 4. Let u(k) = -3*k - 16. Let h be u(p). What is the units digit of ((-2)/h)/((-4)/20)?
5
Let s = 87 - -46. What is the hundreds digit of s/(-3)*(4 + -7)?
1
Suppose 3*g - 9 = -0*g. Suppose f + 4 - g = 0. What is the units digit of (-1 + -103)/(f - 1)?
2
Suppose -3*f + 1263 = l, -f - 65 + 493 = -2*l. What is the tens digit of f?
2
Suppose 2*a - 1812 = -2*a + 4*f, a - 5*f = 457. What is the hundreds digit of a?
4
Let i = 0 - -2. Suppose 0 = -i*r + 2*v + 30, -3*r - 3*v + 48 = -7*v. What is the units digit of (-3 - -1) + 60/r?
3
Suppose 3*d = 5*d, 0 = -4*l + d + 4744. What